{"id":1117,"date":"2020-04-29T13:25:01","date_gmt":"2020-04-29T12:25:01","guid":{"rendered":"http:\/\/quanticalabs.com\/wptest\/gymbase-new\/?page_id=1117"},"modified":"2024-08-29T12:51:33","modified_gmt":"2024-08-29T11:51:33","slug":"domov","status":"publish","type":"page","link":"https:\/\/tinerga.si\/","title":{"rendered":"Domov"},"content":{"rendered":"<div class=\"wpb-content-wrapper\"><p>[vc_row type=&#8221;full-width&#8221;][vc_column][rev_slider_vc alias=&#8221;home&#8221;][\/vc_column][\/vc_row][vc_row top_margin=&#8221;page-margin-top&#8221;][vc_column][vc_widget_sidebar sidebar_id=&#8221;home-top&#8221; el_class=&#8221;home-box-container-list for-home-slider margin-minus&#8221;][vc_empty_space]<h4 class=\"info_white  \">Zadnje Novice<\/h4>[\/vc_column][\/vc_row][vc_row][vc_column width=&#8221;2\/3&#8243;][vc_empty_space]\t\t<ul class=\"blog clearfix\">\r\n\t\t\t\t\t\t\t<li class=\"class post-11220 post type-post status-publish format-standard hentry category-uncategorized\">\r\n\t\t\t\t\t<div class=\"comment-box\">\r\n\t\t\t\t\t\t<div class=\"first-row\">\r\n\t\t\t\t\t\t\t01<span class=\"second-row\">SEP, 2025<\/span>\r\n\t\t\t\t\t\t<\/div>\r\n\t\t\t\t\t\t\t\t\t\t\t\t<a class=\"comments-number\" href=\"https:\/\/tinerga.si\/tinerga-nova-sezona-hvala-za-prijavo-na-septembrske-skupinske-vadbe#respond\" title=\"0 Comments\">\r\n\t\t\t\t\t\t\t0 Comments\t\t\t\t\t\t<\/a>\r\n\t\t\t\t\t<\/div>\r\n\t\t\t\t\t<div class=\"post-content\">\r\n\t\t\t\t\t\t\t\t\t\t\t\t<h3>\r\n\t\t\t\t\t\t\t<a href=\"https:\/\/tinerga.si\/tinerga-nova-sezona-hvala-za-prijavo-na-septembrske-skupinske-vadbe\" title=\"[TINERGA NOVA SEZONA] &#8211; hvala za prijavo na septembrske skupinske vadbe\">\r\n\t\t\t\t\t\t\t\t[TINERGA NOVA SEZONA] &#8211; hvala za prijavo na septembrske skupinske vadbe\t\t\t\t\t\t\t<\/a>\r\n\t\t\t\t\t\t<\/h3>\r\n\t\t\t\t\t\t<div class=\"text\">\r\n\t\t\t\t\t\t\t<p>Lepo pozdravljeni. Hvala iz srca, da ste se prijavili na\u00a0skupinske vadbe v mesecu septembru\u00a0\u2013 veselim se, da bomo skupaj zakorakali v novo sezono!\u00a0 Nova sezona se za\u010dne v sredo, 3. 9. 2025. Na povezavi najdete CENIK\u00a0in\u00a0SPLO\u0160NE POGOJE. Res lepo prosim, da si oba dokumenta preberete, saj boste tam na\u0161li odgovore na ve\u010dino vpra\u0161anj glede obiskovanja<\/p>\n\t\t\t\t\t\t<\/div>\r\n\t\t\t\t\t\t<div class=\"post-footer\">\r\n\t\t\t\t\t\t\t<a class=\"gb-button more\" href=\"https:\/\/tinerga.si\/tinerga-nova-sezona-hvala-za-prijavo-na-septembrske-skupinske-vadbe\" title=\"READ MORE\">READ MORE<\/a>\r\n\t\t\t\t\t\t\t<ul class=\"post-footer-details\">\r\n\t\t\t\t\t\t\t\t<li class=\"post-footer-author\">POSTED BY tina<\/li>\r\n\t\t\t\t\t\t\t\t\t\t\t\t\t\t\t\t<li class=\"post-footer-category\">\r\n\t\t\t\t\t\t\t\tIN\t\t\t\t\t\t\t\t\t<a href=\"https:\/\/tinerga.si\/?cat=1\" title=\"View all posts filed under Nekategorizirano\">\r\n\t\t\t\t\t\t\t\t\t\tNekategorizirano\t\t\t\t\t\t\t\t\t<\/a>\r\n\t\t\t\t\t\t\t\t\t\t\t\t\t\t\t\t<\/li>\r\n\t\t\t\t\t\t\t\t\t\t\t\t\t\t\t<\/ul>\r\n\t\t\t\t\t\t<\/div>\r\n\t\t\t\t\t<\/div>\r\n\t\t\t\t<\/li>\r\n\t\t\t\t\t\t\t<li class=\"class post-11136 post type-post status-publish format-standard hentry category-uncategorized\">\r\n\t\t\t\t\t<div class=\"comment-box\">\r\n\t\t\t\t\t\t<div class=\"first-row\">\r\n\t\t\t\t\t\t\t21<span class=\"second-row\">AVG, 2025<\/span>\r\n\t\t\t\t\t\t<\/div>\r\n\t\t\t\t\t\t\t\t\t\t\t\t<a class=\"comments-number\" href=\"https:\/\/tinerga.si\/vpis-v-novo-sezono-skupinskih-vadb-v-dvorani-september-2025#respond\" title=\"0 Comments\">\r\n\t\t\t\t\t\t\t0 Comments\t\t\t\t\t\t<\/a>\r\n\t\t\t\t\t<\/div>\r\n\t\t\t\t\t<div class=\"post-content\">\r\n\t\t\t\t\t\t\t\t\t\t\t\t<h3>\r\n\t\t\t\t\t\t\t<a href=\"https:\/\/tinerga.si\/vpis-v-novo-sezono-skupinskih-vadb-v-dvorani-september-2025\" title=\"VPIS V NOVO SEZONO SKUPINSKIH VADB V DVORANI &#8211; SEPTEMBER 2025\">\r\n\t\t\t\t\t\t\t\tVPIS V NOVO SEZONO SKUPINSKIH VADB V DVORANI &#8211; SEPTEMBER 2025\t\t\t\t\t\t\t<\/a>\r\n\t\t\t\t\t\t<\/h3>\r\n\t\t\t\t\t\t<div class=\"text\">\r\n\t\t\t\t\t\t\t<p>VPISI PRIJAV NA SKUPINSKE VODENE VADBE V DVORANI &#8211; SEPTEMBER 2025 Prijave za novo sezono vadb so ODPRTE. Z velikim veseljem vas vabimo , da se nam pridru\u017eite tudi letos. Komaj \u010dakamo na nove vadbe, prijetne trenutke in dru\u017eenje z vami, da skupaj poskrbimo za zdravje, vitalnost in aktivnost. Prijavo vpi\u0161ite v PRIJAVNI OBRAZEC. Prijava<\/p>\n\t\t\t\t\t\t<\/div>\r\n\t\t\t\t\t\t<div class=\"post-footer\">\r\n\t\t\t\t\t\t\t<a class=\"gb-button more\" href=\"https:\/\/tinerga.si\/vpis-v-novo-sezono-skupinskih-vadb-v-dvorani-september-2025\" title=\"READ MORE\">READ MORE<\/a>\r\n\t\t\t\t\t\t\t<ul class=\"post-footer-details\">\r\n\t\t\t\t\t\t\t\t<li class=\"post-footer-author\">POSTED BY tina<\/li>\r\n\t\t\t\t\t\t\t\t\t\t\t\t\t\t\t\t<li class=\"post-footer-category\">\r\n\t\t\t\t\t\t\t\tIN\t\t\t\t\t\t\t\t\t<a href=\"https:\/\/tinerga.si\/?cat=1\" title=\"View all posts filed under Nekategorizirano\">\r\n\t\t\t\t\t\t\t\t\t\tNekategorizirano\t\t\t\t\t\t\t\t\t<\/a>\r\n\t\t\t\t\t\t\t\t\t\t\t\t\t\t\t\t<\/li>\r\n\t\t\t\t\t\t\t\t\t\t\t\t\t\t\t<\/ul>\r\n\t\t\t\t\t\t<\/div>\r\n\t\t\t\t\t<\/div>\r\n\t\t\t\t<\/li>\r\n\t\t\t\t\t\t\t<li class=\"class post-10630 post type-post status-publish format-standard hentry category-uncategorized\">\r\n\t\t\t\t\t<div class=\"comment-box\">\r\n\t\t\t\t\t\t<div class=\"first-row\">\r\n\t\t\t\t\t\t\t24<span class=\"second-row\">APR, 2025<\/span>\r\n\t\t\t\t\t\t<\/div>\r\n\t\t\t\t\t\t\t\t\t\t\t\t<a class=\"comments-number\" href=\"https:\/\/tinerga.si\/vpis-prijav-na-skupinske-vadbe-v-dvorani-maj-2025#respond\" title=\"0 Comments\">\r\n\t\t\t\t\t\t\t0 Comments\t\t\t\t\t\t<\/a>\r\n\t\t\t\t\t<\/div>\r\n\t\t\t\t\t<div class=\"post-content\">\r\n\t\t\t\t\t\t\t\t\t\t\t\t<h3>\r\n\t\t\t\t\t\t\t<a href=\"https:\/\/tinerga.si\/vpis-prijav-na-skupinske-vadbe-v-dvorani-maj-2025\" title=\"VPIS PRIJAV NA SKUPINSKE VADBE V DVORANI &#8211; MAJ 2025\">\r\n\t\t\t\t\t\t\t\tVPIS PRIJAV NA SKUPINSKE VADBE V DVORANI &#8211; MAJ 2025\t\t\t\t\t\t\t<\/a>\r\n\t\t\t\t\t\t<\/h3>\r\n\t\t\t\t\t\t<div class=\"text\">\r\n\t\t\t\t\t\t\t<p>VPISI PRIJAV NA SKUPINSKE VODENE VADBE V DVORANI &#8211; MAJ 2025 Prijazno nas je \u017ee pozdravila pomlad, z njo pa prihaja tudi nov mesec &#8211; MAJ in nova prilo\u017enost, da izberete zdravo in aktivno \u017eivljenje! Odpiramo PRIJAVE na skupinske vodene vadbe v dvorani za mesec maj 2025! Prijavo vpi\u0161ite v PRIJAVNI OBRAZEC. Prijava na vadbe<\/p>\n\t\t\t\t\t\t<\/div>\r\n\t\t\t\t\t\t<div class=\"post-footer\">\r\n\t\t\t\t\t\t\t<a class=\"gb-button more\" href=\"https:\/\/tinerga.si\/vpis-prijav-na-skupinske-vadbe-v-dvorani-maj-2025\" title=\"READ MORE\">READ MORE<\/a>\r\n\t\t\t\t\t\t\t<ul class=\"post-footer-details\">\r\n\t\t\t\t\t\t\t\t<li class=\"post-footer-author\">POSTED BY tina<\/li>\r\n\t\t\t\t\t\t\t\t\t\t\t\t\t\t\t\t<li class=\"post-footer-category\">\r\n\t\t\t\t\t\t\t\tIN\t\t\t\t\t\t\t\t\t<a href=\"https:\/\/tinerga.si\/?cat=1\" title=\"View all posts filed under Nekategorizirano\">\r\n\t\t\t\t\t\t\t\t\t\tNekategorizirano\t\t\t\t\t\t\t\t\t<\/a>\r\n\t\t\t\t\t\t\t\t\t\t\t\t\t\t\t\t<\/li>\r\n\t\t\t\t\t\t\t\t\t\t\t\t\t\t\t<\/ul>\r\n\t\t\t\t\t\t<\/div>\r\n\t\t\t\t\t<\/div>\r\n\t\t\t\t<\/li>\r\n\t\t\t\t\t<\/ul>\r\n\t\t\t[\/vc_column][vc_column width=&#8221;1\/3&#8243;][vc_widget_sidebar sidebar_id=&#8221;home-right&#8221;][\/vc_column][\/vc_row]<\/p>\n<\/div>","protected":false},"excerpt":{"rendered":"<p>[vc_row type=&#8221;full-width&#8221;][vc_column][rev_slider_vc alias=&#8221;home&#8221;][\/vc_column][\/vc_row][vc_row top_margin=&#8221;page-margin-top&#8221;][vc_column][vc_widget_sidebar sidebar_id=&#8221;home-top&#8221; el_class=&#8221;home-box-container-list for-home-slider margin-minus&#8221;][vc_empty_space][\/vc_column][\/vc_row][vc_row][vc_column width=&#8221;2\/3&#8243;][vc_empty_space][\/vc_column][vc_column width=&#8221;1\/3&#8243;][vc_widget_sidebar sidebar_id=&#8221;home-right&#8221;][\/vc_column][\/vc_row]<\/p>\n","protected":false},"author":1,"featured_media":0,"parent":0,"menu_order":0,"comment_status":"closed","ping_status":"closed","template":"template-default-without-breadcrumbs.php","meta":{"footnotes":""},"_links":{"self":[{"href":"https:\/\/tinerga.si\/index.php?rest_route=\/wp\/v2\/pages\/1117"}],"collection":[{"href":"https:\/\/tinerga.si\/index.php?rest_route=\/wp\/v2\/pages"}],"about":[{"href":"https:\/\/tinerga.si\/index.php?rest_route=\/wp\/v2\/types\/page"}],"author":[{"embeddable":true,"href":"https:\/\/tinerga.si\/index.php?rest_route=\/wp\/v2\/users\/1"}],"replies":[{"embeddable":true,"href":"https:\/\/tinerga.si\/index.php?rest_route=%2Fwp%2Fv2%2Fcomments&post=1117"}],"version-history":[{"count":16,"href":"https:\/\/tinerga.si\/index.php?rest_route=\/wp\/v2\/pages\/1117\/revisions"}],"predecessor-version":[{"id":9419,"href":"https:\/\/tinerga.si\/index.php?rest_route=\/wp\/v2\/pages\/1117\/revisions\/9419"}],"wp:attachment":[{"href":"https:\/\/tinerga.si\/index.php?rest_route=%2Fwp%2Fv2%2Fmedia&parent=1117"}],"curies":[{"name":"wp","href":"https:\/\/api.w.org\/{rel}","templated":true}]}}