{"id":1759,"date":"2020-11-20T08:37:12","date_gmt":"2020-11-20T07:37:12","guid":{"rendered":"http:\/\/tinerga.18.184.171.29.xip.io\/?page_id=1759"},"modified":"2020-11-20T08:48:18","modified_gmt":"2020-11-20T07:48:18","slug":"politika-zasebnosti","status":"publish","type":"page","link":"https:\/\/tinerga.si\/politika-zasebnosti","title":{"rendered":"Politika zasebnosti"},"content":{"rendered":"<div class=\"wpb-content-wrapper\"><p>[vc_row][vc_column][vc_column_text]Podjetje Tinerga, rekreacija in sprostitev, Tina Dragan, s.p. va\u0161e osebne podatke uporablja, hrani in jih obdeluje. Shranjeni podatki bodo uporabljeni izklju\u010dno za storitve, ki jih podjetje ponuja. Podjetje bo storilo vse kar bo potrebno, da bodo va\u0161i podatki za\u0161\u010diteni pred kr\u0161itvami in zlorabami. Politika se lahko spremeni ali dopolni , brez predhodnega opozorila uporabnika, v skladu z zakonodajo.<\/p>\n<p>Ta politika ureja zbiranje, hrambo in obdelavo va\u0161ih osebnih podatkov, ki jih Tinerga, rekreacija in sprostitev, Tina Dragan, s.p. zbira od vas, ko se naro\u010dite na prejemanje vsebin kot so e-novice in ostali produkti upravljalca.<\/p>\n<ol>\n<li>\n<h3><span style=\"color: #800080;\"><strong><span style=\"color: #800080;\">Upravljavec<\/span> in poobla\u0161\u010dena oseba za varstvo podatkov<\/strong><\/span><\/h3>\n<\/li>\n<\/ol>\n<p>Upravljavec osebnih podatkov v pomenu, kot ga dolo\u010data Splo\u0161na uredba EU o varstvu osebnih podatkov in veljavni zakon, ki ureja varstvo osebnih podatkov \u2013 GDPR je:<\/p>\n<p>Tinerga, rekreacija in sprostitev, Tina Dragan, s.p.<br \/>\nK Roku 117<br \/>\n8000 Novo mesto<br \/>\ne-mail: info@tinerga.si<\/p>\n<p>V kolikor \u017eelite prejemati vsebino storitev podjetja (e-novice, spletna stran in ostale produkte), morate izpolniti <u>obrazec(<\/u>Pristopno izjavo)\/<u>prijavo(<\/u>Online vadbe)\/<u>registracijo<\/u> na spletni strani. Z izpolnitvijo tega obrazca\/ prijave\/registracije in potrditvijo posredujete podjetju naslednje podatke:<\/p>\n<ul>\n<li><strong>identifikacijski podatki<\/strong>, ki obsegajo predvsem ime in priimek, uporabni\u0161ko ime in geslo ter ID za DDV, \u010de ste pravna oseba;<\/li>\n<li><strong>kontaktni podatki<\/strong>, ki obsegajo osebne podatke, s pomo\u010djo katerih lahko stopimo v stik z vami, predvsem e-naslov, telefonsko \u0161tevilko, naslov za dostavo, naslov za ra\u010dun in va\u0161e profile na dru\u017ebenih omre\u017ejih;<\/li>\n<\/ul>\n<p>Kontaktne podatke, ki nam jih posredujete ob izpolnitvi oz. oddaji obrazca \/prijave\/registracije potrebujemo za obdelavo va\u0161ega naro\u010dila in za komunikacijo z vami glede konkretnih e-novic, dogodkov, publikacij in ostalih produktov, na katere ste se naro\u010dili. V primeru, da nam ne posredujete navedenih kontaktnih podatkov, va\u0161ega naro\u010dila ne bomo obdelali in ne boste mogli koristiti \u017eelenih e-novic, dogodkov, publikacij in ostalih produktov.<\/p>\n<p>Podjetje spo\u0161tuje va\u0161o zasebnost in je zavezana, da pri zbiranju, hrambi in obdelavi osebnih podatkov ravna skrbno in v skladu z veljavnimi predpisi o varstvu osebnih podatkov. Ker obstajajo v spletnem informacijskem sistemu dolo\u010dene povezave na druge, zunanje spletne strani, ki niso neposredno vezane na na\u0161o stran oz. podjetje, ne prevzemamo nikakr\u0161ne odgovornosti za za\u0161\u010dito podatkov na teh spletnih straneh.<\/p>\n<ol start=\"2\">\n<li>\n<h3><span style=\"color: #800080;\"><strong>Soglasje<\/strong><\/span><\/h3>\n<\/li>\n<\/ol>\n<p>Osebne podatke, ki nam jih posredujete ob prijavi na e-novice, dogodke, publikacije in ostale produkte podjetje obdeluje z va\u0161im jasnim in nedvoumnim soglasjem, ki temelji na \u010dlenu 6 (1), (a) Splo\u0161ne uredbe EU o varstvu osebnih podatkov (GDPR). Z namenom izbolj\u0161ave kakovosti na\u0161ih produktov in storitev in za statisti\u010dne namene, v zvezi z elektronskimi sporo\u010dili, ki vam jih po\u0161iljamo, obdelujemo tudi podatke o prikazih prejetih sporo\u010dil in klikih na povezave v prejetih sporo\u010dilih.<\/p>\n<p>Soglasje za obdelavo osebnih podatkov podate s tem, ko izro\u010dite\/po\u0161ljete izpolnjeno pristopno izjavo ali na spletni strani kliknete \u00bbpo\u0161lji\u00ab\/\u00bbprijava\u00ab\/\u00bbregistracija\u00ab. Soglasje za obdelavo osebnih podatkov je mo\u017eno preklicati s pisno izjavo, ki se po\u0161lje na e-naslov: <a href=\"mailto:info@tinerga.si\">info@tinerga.si<\/a>. V primeru umika soglasja ne bomo ve\u010d uporabljali va\u0161ih osebnih podatkov za obve\u0161\u010danje o vsebinah storitev podjetja (e-novice, spletna stran in ostale produkte). Morebiten umik soglasja ne vpliva na zakonitost obdelave va\u0161ih osebnih podatkov v \u010dasu, preden je bil umik podan.<\/p>\n<ol start=\"3\">\n<li>\n<h3><span style=\"color: #800080;\"><strong>Posredovanje podatkov tretjim osebam<\/strong><\/span><\/h3>\n<\/li>\n<\/ol>\n<p>Podjetje lahko, \u010de je to skladno z namenom, s katerim se osebni podatki obdelujejo po pravu EU in slovenskih predpisih, posreduje osebne podatke o posameznikih:<\/p>\n<ul>\n<li>osebam, ki za podjetje izvajajo posamezne naloge obdelave kot so na primer: priprava in po\u0161iljanje ra\u010dunov ali podatkovna analitika, vzdr\u017eevanje in razvoj storitev, kadar te naloge v potrebnem obsegu vklju\u010dujejo obdelavo osebnih podatkov;<\/li>\n<li>osebam, ki za podjetje opravljajo storitve prodaje in tr\u017eenja, vklju\u010dno s prodajo in tr\u017eenjem na terenu, ali sodelujejo s podjetjem na podro\u010dju tr\u017eenja in prodaje lastnih storitev ali storitev tretjih oseb, v obsegu, ki je potreben za tovrstne naloge v sklopu namenov in podlag, opredeljenih v tej Politiki.<\/li>\n<\/ul>\n<p>V kolikor je podjetje priklju\u010deno oz. prevzeto s strani drugega podjetja, se osebni podatki skladno z zakonom prenesejo na prevzemnika. S tem, ko uporabljate na\u0161e storitve, sogla\u0161ate z nadaljnjim obdelovanjem va\u0161ih osebnih podatkov s strani prevzemnika.<\/p>\n<ol start=\"4\">\n<li>\n<h3><span style=\"color: #800080;\"><strong>Va\u0161e pravice<\/strong><\/span><\/h3>\n<\/li>\n<\/ol>\n<p>V skladu z dolo\u010dili Splo\u0161ne uredbe EU o varstvu osebnih podatkov (GDPR) imate pravico do dostopa do va\u0161ih osebnih podatkov, pravico do popravka, pravico do izbrisa (\u00bbpozabe\u00ab), pravico do prenosljivosti, pravico zahtevati omejitev obdelave osebnih podatkov in pravico do ugovora. Soglasje za obdelavo osebnih podatkov je mo\u017eno preklicati s pisno izjavo, ki se po\u0161lje na e-naslov: <a href=\"mailto:info@tinerga.si\">info@tinerga.si<\/a>.<\/p>\n<p>Pri uveljavljanju vseh va\u0161ih pravic ali pri pridobivanju dodatnih informacij se obrnite na na\u0161o ekipo, ki vam je na voljo na e-naslovu: <a href=\"mailto:info@tinerga.si\">info@tinerga.si<\/a>. Va\u0161o vlogo bomo obravnavali in nanjo odgovorili v skladu z GDPR.<\/p>\n<p>\u010ce menite, da so kr\u0161ene va\u0161e pravice ali predpisi o varstvu osebnih podatkov se lahko prito\u017eite pristojnemu dr\u017eavnemu organu<span style=\"color: #800080;\">.<\/span><\/p>\n<ol start=\"5\">\n<li>\n<h3><span style=\"color: #800080;\"><strong>\u010cas hrambe osebnih podatkov<\/strong><\/span><\/h3>\n<\/li>\n<\/ol>\n<p>Podjetje hrani va\u0161e osebne podatke toliko \u010dasa, kolikor je to potrebno za namen po\u0161iljanja vsebin (novic in ostalih produktov), na katere ste se prijavili oz. naro\u010dili. V primeru, da ne \u017eelite ve\u010d prejemati vsebin s strani in se od njih odjavite ali v primeru, da umaknete svoje soglasje za obdelavo osebnih podatkov za ta namen, bomo va\u0161e podatke v sistemu blokirali in va\u0161ih podatkov ve\u010d ne bomo uporabljali za ta namen.<\/p>\n<p>Rok hrambe osebnih podatkov se lahko razlikuje glede na veljavno sektorsko zakonodajo (npr. zakonodaja s podro\u010dja davkov, ra\u010dunovodstva).<\/p>\n<ol start=\"6\">\n<li>\n<h3><span style=\"color: #800080;\"><strong>Pi\u0161kotki<\/strong><\/span><\/h3>\n<\/li>\n<\/ol>\n<p>Pi\u0161kotki so neopazne datoteke, ki so za\u010dasno shranjene na va\u0161em trdem disku in omogo\u010dajo ponudniku prepoznavanje va\u0161ega ra\u010dunalnika, ko naslednji\u010d obi\u0161\u010dete spletno stran. Ponudnik uporablja pi\u0161kotke le za zbiranje informacij, ki zadevajo uporabo spletne strani, in za optimizacijo svojih internetnih oglasnih aktivnosti. Ogla\u0161evalski pi\u0161kotki spremljajo posameznikovo uporabo spletne strani ponudnika, razen \u010de se posameznik z uporabo pi\u0161kotkov na strani ne strinja.<\/p>\n<ol start=\"7\">\n<li>\n<h3><span style=\"color: #800080;\"><strong>Objava sprememb<\/strong><\/span><\/h3>\n<\/li>\n<\/ol>\n<p>Vsaka sprememba na\u0161e politike o varovanju osebnih podatkov bo objavljena na tem spletnem mestu. Z uporabo spletnih strani posameznik potrjuje, da sprejema in sogla\u0161a s celotno vsebino te politike zasebnosti.<\/p>\n<p>Posodobljeno: november 2020[\/vc_column_text][\/vc_column][\/vc_row]<\/p>\n<\/div>","protected":false},"excerpt":{"rendered":"<p>[vc_row][vc_column][vc_column_text]Podjetje Tinerga, rekreacija in sprostitev, Tina Dragan, s.p. va\u0161e osebne podatke uporablja, hrani in jih obdeluje. Shranjeni podatki bodo uporabljeni izklju\u010dno za storitve, ki jih podjetje ponuja. Podjetje bo storilo vse kar bo potrebno, da bodo va\u0161i podatki za\u0161\u010diteni pred kr\u0161itvami in zlorabami. Politika se lahko spremeni ali dopolni , brez predhodnega opozorila uporabnika, v<\/p>\n","protected":false},"author":1,"featured_media":0,"parent":0,"menu_order":0,"comment_status":"closed","ping_status":"closed","template":"","meta":{"footnotes":""},"_links":{"self":[{"href":"https:\/\/tinerga.si\/index.php?rest_route=\/wp\/v2\/pages\/1759"}],"collection":[{"href":"https:\/\/tinerga.si\/index.php?rest_route=\/wp\/v2\/pages"}],"about":[{"href":"https:\/\/tinerga.si\/index.php?rest_route=\/wp\/v2\/types\/page"}],"author":[{"embeddable":true,"href":"https:\/\/tinerga.si\/index.php?rest_route=\/wp\/v2\/users\/1"}],"replies":[{"embeddable":true,"href":"https:\/\/tinerga.si\/index.php?rest_route=%2Fwp%2Fv2%2Fcomments&post=1759"}],"version-history":[{"count":5,"href":"https:\/\/tinerga.si\/index.php?rest_route=\/wp\/v2\/pages\/1759\/revisions"}],"predecessor-version":[{"id":1764,"href":"https:\/\/tinerga.si\/index.php?rest_route=\/wp\/v2\/pages\/1759\/revisions\/1764"}],"wp:attachment":[{"href":"https:\/\/tinerga.si\/index.php?rest_route=%2Fwp%2Fv2%2Fmedia&parent=1759"}],"curies":[{"name":"wp","href":"https:\/\/api.w.org\/{rel}","templated":true}]}}